y - 231. Let q = -148 - -159. What is the greatest common divisor of q and y?
11
Suppose 5*n + 3 = q + 5, 33 = 3*q - 2*n. What is the greatest common divisor of 26 and q?
13
Let u(n) = -n**3 + 3*n**2 + 10*n + 4. Let b be u(5). What is the highest common divisor of 28 and b?
4
Suppose 2*p = -3*v + 16, v = -v + 3*p + 2. Suppose -v*j + 88 = -2*j. Let b be (24 + -2)*(-1)/(-2). Calculate the greatest common divisor of b and j.
11
Let q = 46 + -21. Let a(h) = 6*h**2 - 2*h + 4. Let x be a(-3). Let l = 89 - x. What is the greatest common divisor of q and l?
25
Let c be ((-12)/(-5))/(6/30). Suppose 5*o = -2*n + 4, n = -3*n - 5*o + 28. What is the highest common factor of n and c?
12
Suppose r - 3*r = -2. Suppose 2*y + 3 = -r. Let c(g) = -g**3 + g**2 + 2*g - 1. Let p be c(y). What is the highest common divisor of 7 and p?
7
Suppose 3*m = -s + 15, -m = -s + 3*s - 10. Suppose 3*b + 1 = 7. Calculate the highest common factor of s and b.
1
Let u(x) = x**3 - 2*x**2 - 5*x + 6. Let h be u(4). Let j = 183 - 171. Calculate the greatest common divisor of j and h.
6
Let n(k) = k - 1. Let r be n(6). Calculate the highest common divisor of r and 30.
5
Let z be ((-130)/(-20))/((-3)/(-84)). What is the greatest common factor of 14 and z?
14
Suppose 4*o + 4*f + 0*f = 176, 5*o + 3*f = 212. Calculate the highest common divisor of o and 100.
20
Let q(u) = u**2 + 8*u + 9. Let x be q(-7). Suppose 0 = r + x*r - 6. Let t be 2/(-6)*9/(-1). Calculate the greatest common divisor of t and r.
1
Let k be 1/((-2)/(-16) + 0). What is the greatest common factor of 4 and k?
4
Let q(n) = n**2 - 9*n + 3. Let k be q(9). Suppose 0 = i + k*i + 112. Let l be (-3381)/i - (-2)/8. Calculate the greatest common factor of l and 11.
11
Let g(t) = -9*t**2 - 5. Let s be g(-4). Let u = 189 - -36. Let o = s + u. Calculate the greatest common divisor of 19 and o.
19
Suppose 4*o + 1 = 17. Suppose -a - 3 = -5*a + v, o*a - 5*v = -17. Let p be a - 3/(9/(-21)). Calculate the greatest common factor of 18 and p.
9
Suppose 3*i + 5*p - 44 = 0, -5*i + 48 = -0*i + 2*p. Calculate the greatest common factor of 1 and i.
1
Let m be (-844)/(-10) - 10/25. What is the greatest common divisor of 56 and m?
28
Suppose 0 = 3*j, o - 4*j - 5 = -0*o. Calculate the highest common factor of o and 55.
5
Let v be 0 - 1 - -21*1. Suppose -2*m - 17 = -71. Let t be 1356/m - 2/9. Calculate the highest common factor of t and v.
10
Suppose 0 = -5*w - t + 41, 0 = -2*w + 3*w + 4*t - 12. Let b be (-1)/(1 - 2)*24. What is the greatest common factor of w and b?
8
Suppose 0 = 3*v - s - 172 + 51, 225 = 5*v + 3*s. Calculate the highest common divisor of v and 14.
14
Let b(q) = -q**3 - 6*q**2 - 4*q + 4. Let m be b(-6). Suppose 4*z = m + 16. Let o be (-2)/(-3) - 260/(-6). What is the highest common divisor of z and o?
11
Suppose 5*l = 2*y - 23, -4*y - 5*l + 11 + 50 = 0. What is the greatest common factor of y and 224?
14
Let d be (-6)/(-168)*8 + 780/14. Let q = -10 + 14. Suppose 7 = -3*g + q*g. Calculate the greatest common factor of g and d.
7
Let r(j) = 14*j - 75. Let o be r(8). What is the highest common factor of 148 and o?
37
Let w(q) = -q - 14. Let f be w(-8). Let l be (f/(-15))/((-1)/(-20)). What is the highest common factor of l and 56?
8
Suppose -5*g + 45 = 5*t, -2*t = -g + 3*t - 15. Calculate the highest common divisor of 10 and g.
5
Let g = -15 + 22. Suppose 1170 = g*m - 2*m. Suppose 4*j - m = -74. Calculate the greatest common factor of 8 and j.
8
Let a(p) = p**3 + 6*p**2 - 20*p - 8. Let v be a(-8). What is the greatest common factor of 24 and v?
24
Let s be -1*(-1 + 2 + -16). Suppose 4*b = 3*d + 28 - 126, 8 = -4*b. What is the highest common divisor of s and d?
15
Let r(p) = 4*p**2 - 1. Let g = 7 + -8. Let z be r(g). What is the highest common factor of z and 21?
3
Let k be (33 - (2 - 5))/(2/6). Calculate the greatest common divisor of k and 27.
27
Let d(t) = t**3 + 10 - 4*t**2 + 8*t**2 + 5*t**2 + 10*t. Let p be d(-7). Let c = -15 + p. Calculate the highest common divisor of c and 115.
23
Let i(a) = -3*a**3 + 2*a**2 - 7*a + 1. Let l be i(-4). Calculate the highest common factor of 23 and l.
23
Suppose -3*y = y + n - 25, -5*n = -y - 20. Let f(h) = 4*h**2 + 15 - 3*h**2 - h - 2*h - 5*h. Let q be f(10). Calculate the highest common divisor of y and q.
5
Let m be 46 - (0 - 2 - -4). Let b = -2 + 0. Let w be 14/(-7) - b*3. Calculate the greatest common divisor of w and m.
4
Let w(l) = -6*l - 2. Let v be w(-2). Calculate the highest common factor of v and 40.
10
Let c be (-4)/6 + (-1)/3. Let x be (-5 - -5)/(-4 - c). Let m = 10 - x. What is the highest common factor of 70 and m?
10
Suppose -3*s = -87 - 9. Calculate the highest common divisor of 8 and s.
8
Suppose -x = -s - 58, -4*x - 4*s + 57 = -175. What is the highest common divisor of 87 and x?
29
Let q = 7 + -3. Let f = -60 - -91. Suppose -165 = -5*j + 3*g, 0 = -2*j + j + g + f. What is the greatest common factor of q and j?
4
Suppose -2*i = 3*g + 225, 3*g = 2*i - 0*i + 207. Let x be i*((-1)/(-3) + -1). What is the highest common divisor of 48 and x?
24
Let k be (-160)/((-10)/12 - 1/(-3)). Calculate the highest common factor of k and 20.
20
Let g(z) = 15*z**2 + z + 1. Let u be g(-1). Suppose 4*j + 3*r + 837 = -j, r + 839 = -5*j. Let k = j - -318. Calculate the greatest common factor of u and k.
15
Let l be (4/10)/((-1)/(-5)). Let r be 141/(-5) - (-2)/10. Let g be r/(-4)*l/1. What is the greatest common factor of g and 21?
7
Let z(g) = -g**3 - 3*g**2 - 4*g + 1. Let p be z(-3). Calculate the greatest common divisor of p and 13.
13
Suppose 81 = 4*i + 33. Let c(k) = k**2 - 13*k + 18. Let b be c(13). What is the highest common factor of i and b?
6
Let l(a) = -2*a**2 + 4*a**2 - 6 - 4*a + 2*a - a**2. Let p be l(5). What is the highest common factor of 45 and p?
9
Let h(s) = -s**2 - 5*s + 1. Let o be h(-3). Suppose -k - y = -2*y - 23, 0 = -5*y - 10. Calculate the highest common factor of o and k.
7
Let v be ((-104)/(-10))/(2/10). Suppose 29 - 121 = -4*s. Let m = -10 + s. Calculate the greatest common factor of v and m.
13
Let t = -68 - -180. Calculate the greatest common divisor of t and 48.
16
Suppose 0*p - 4*p = -12. Suppose -2*f - 173 = -p*h - 7*f, -f = 5. Calculate the greatest common factor of h and 11.
11
Let l be (-12)/4 - 1/1. Suppose -3*y - 82 + 1 = 0. Let d be l/((-8)/(-6)) - y. Calculate the greatest common factor of 12 and d.
12
Suppose k - 55 = -4*f, -k - k = 5*f - 65. What is the highest common divisor of f and 60?
15
Let m be 16/16 + (-9*3)/(-3). Let x(p) = 3*p - 3. Let a be x(6). What is the highest common divisor of m and a?
5
Suppose -2*a + 4*a - 300 = 0. What is the greatest common divisor of 30 and a?
30
Let l = 2 + -6. Let h = 2 - l. Let r(p) = 5*p - 51. Let g be r(11). What is the highest common factor of g and h?
2
Let j(i) = -14*i**3 + 2*i**2 - 1. Let s be j(-1). Let c = -6 + s. Calculate the greatest common factor of 6 and c.
3
Let x be (-28)/154 - (-290)/22. Calculate the highest common divisor of x and 91.
13
Suppose 0 = -5*q - 0*q + 10. Let c be q*-6*2/(-3). Suppose 0 = 4*h - 118 - 10. What is the greatest common factor of h and c?
8
Suppose 4*h = 5*h - 57. Let s(d) = 6*d + 1. Let o be s(3). Calculate the highest common factor of o and h.
19
Let v(m) = -6*m - 3. Let n be v(-3). Let p(a) = -a**3 - 7*a**2 - 7*a. Let h = -6 - 0. Let i be p(h). What is the greatest common divisor of i and n?
3
Suppose 3*m - 7*m = 0, 5*m - 480 = -5*h. Let p be ((-16)/(-4) - 0) + 5 + 3. What is the highest common divisor of h and p?
12
Let x be (-3)/6 + 59/2. Let p = x + -18. Let q be (-23)/(-2) + 2/(-4). Calculate the greatest common factor of p and q.
11
Let n = 4 + -2. Suppose -35 - 19 = -n*t. What is the highest common divisor of t and 9?
9
Suppose -12 = z - 3*z. What is the greatest common divisor of z and 42?
6
Let j(a) = -a + 1. Let w be j(-4). Suppose -w*t + 7 = -33. Let k be (-3)/(6*3/(-6)). What is the highest common factor of t and k?
1
Let z be 270/(-8)*(-16)/(-6). Let y be 96*(-3 - z/8). Suppose -o = 3*o - y. Calculate the highest common factor of o and 22.
22
Let x = -7 - -17. What is the highest common factor of 2 and x?
2
Suppose -2*r + r = -5*j + 50, -2*r = 0. Calculate the highest common divisor of j and 50.
10
Let s(h) = -13*h + 13. Let o(t) = -7*t + 6. Let z(v) = 5*o(